43.166.7.113 - - [18/May/2026:10:41:06 +0900] "GET / HTTP/1.1" 200 1472 "-" "Mozilla/5.0 (iPhone; CPU iPhone OS 13_2_3 like Mac OS X) AppleWebKit/605.1.15 (KHTML, like Gecko) Version/13.0.3 Mobile/15E148 Safari/604.1"
93.174.93.12 - - [18/May/2026:10:45:13 +0900] "\x16\x03\x02\x01o\x01" 400 295 "-" "-"
::1 - - [18/May/2026:10:45:31 +0900] "OPTIONS * HTTP/1.0" 200 - "-" "Apache/2.4.37 (Rocky Linux) OpenSSL/1.1.1k mod_wsgi/4.7.1 Python/3.9 PHP/8.3.23 mod_apreq2-20101207/2.8.1 mod_perl/2.0.12 Perl/v5.26.3 (internal dummy connection)"
::1 - - [18/May/2026:10:50:40 +0900] "OPTIONS * HTTP/1.0" 200 - "-" "Apache/2.4.37 (Rocky Linux) OpenSSL/1.1.1k mod_wsgi/4.7.1 Python/3.9 PHP/8.3.23 mod_apreq2-20101207/2.8.1 mod_perl/2.0.12 Perl/v5.26.3 (internal dummy connection)"
194.187.178.86 - - [18/May/2026:10:53:12 +0900] "GET / HTTP/1.1" 200 1472 "-" "Mozilla/5.0 (Windows NT 10.0; Win64; x64; rv:65.0) Gecko/20100101 Firefox/65.0"
194.187.178.231 - - [18/May/2026:10:53:12 +0900] "GET /favicon.ico HTTP/1.1" 404 260 "-" "Mozilla/5.0 (Windows NT 10.0; Win64; x64; rv:65.0) Gecko/20100101 Firefox/65.0"
176.65.149.35 - - [18/May/2026:10:59:26 +0900] "GET / HTTP/1.1" 200 1472 "-" "Mozilla/5.0 (Macintosh; U; PPC Mac OS X 10_10_3 rv:2.0; so-DJ) AppleWebKit/533.15.6 (KHTML, like Gecko) Version/4.0.2 Safari/533.15.6"
132.145.62.134 - - [18/May/2026:11:05:08 +0900] "POST /cgi-bin/.%2e/.%2e/.%2e/.%2e/.%2e/.%2e/.%2e/.%2e/.%2e/.%2e/bin/sh HTTP/1.1" 400 291 "-" "libredtail-http"
46.151.178.13 - - [18/May/2026:11:10:36 +0900] "PROPFIND / HTTP/1.1" 405 290 "http://122.17.174.126:443/" "-"
185.91.127.85 - - [18/May/2026:11:10:55 +0900] "CONNECT www.google.com:443 HTTP/1.1" 405 289 "-" "Mozilla/5.0 (Windows NT 10.0; Win64; x64) AppleWebKit/537.36 (KHTML, like Gecko) Chrome/131.0.0.0 Safari/537.36"
185.91.127.85 - - [18/May/2026:11:10:55 +0900] "CONNECT www.google.com:443 HTTP/1.1" 405 289 "-" "Mozilla/5.0 (Windows NT 10.0; Win64; x64) AppleWebKit/537.36 (KHTML, like Gecko) Chrome/131.0.0.0 Safari/537.36"
185.91.127.85 - - [18/May/2026:11:10:55 +0900] "CONNECT www.google.com:443 HTTP/1.1" 405 289 "-" "Mozilla/5.0 (Windows NT 10.0; Win64; x64) AppleWebKit/537.36 (KHTML, like Gecko) Chrome/131.0.0.0 Safari/537.36"
185.91.127.85 - - [18/May/2026:11:10:55 +0900] "CONNECT www.google.com:443 HTTP/1.1" 405 289 "-" "Mozilla/5.0 (Windows NT 10.0; Win64; x64) AppleWebKit/537.36 (KHTML, like Gecko) Chrome/131.0.0.0 Safari/537.36"
185.91.127.85 - - [18/May/2026:11:10:55 +0900] "CONNECT www.google.com:443 HTTP/1.1" 405 289 "-" "Mozilla/5.0 (Windows NT 10.0; Win64; x64) AppleWebKit/537.36 (KHTML, like Gecko) Chrome/131.0.0.0 Safari/537.36"
71.6.134.230 - - [18/May/2026:11:25:50 +0900] "GET / HTTP/1.0" 400 432 "-" "-"
::1 - - [18/May/2026:11:30:24 +0900] "OPTIONS * HTTP/1.0" 200 - "-" "Apache/2.4.37 (Rocky Linux) OpenSSL/1.1.1k mod_wsgi/4.7.1 Python/3.9 PHP/8.3.23 mod_apreq2-20101207/2.8.1 mod_perl/2.0.12 Perl/v5.26.3 (internal dummy connection)"
::1 - - [18/May/2026:11:30:25 +0900] "OPTIONS * HTTP/1.0" 200 - "-" "Apache/2.4.37 (Rocky Linux) OpenSSL/1.1.1k mod_wsgi/4.7.1 Python/3.9 PHP/8.3.23 mod_apreq2-20101207/2.8.1 mod_perl/2.0.12 Perl/v5.26.3 (internal dummy connection)"
::1 - - [18/May/2026:11:38:24 +0900] "OPTIONS * HTTP/1.0" 200 - "-" "Apache/2.4.37 (Rocky Linux) OpenSSL/1.1.1k mod_wsgi/4.7.1 Python/3.9 PHP/8.3.23 mod_apreq2-20101207/2.8.1 mod_perl/2.0.12 Perl/v5.26.3 (internal dummy connection)"
::1 - - [18/May/2026:11:38:53 +0900] "OPTIONS * HTTP/1.0" 200 - "-" "Apache/2.4.37 (Rocky Linux) OpenSSL/1.1.1k mod_wsgi/4.7.1 Python/3.9 PHP/8.3.23 mod_apreq2-20101207/2.8.1 mod_perl/2.0.12 Perl/v5.26.3 (internal dummy connection)"
::1 - - [18/May/2026:11:40:36 +0900] "OPTIONS * HTTP/1.0" 200 - "-" "Apache/2.4.37 (Rocky Linux) OpenSSL/1.1.1k mod_wsgi/4.7.1 Python/3.9 PHP/8.3.23 mod_apreq2-20101207/2.8.1 mod_perl/2.0.12 Perl/v5.26.3 (internal dummy connection)"
35.205.197.135 - - [18/May/2026:11:45:05 +0900] "GET / HTTP/1.1" 200 1472 "-" "Mozilla/5.0 (Windows NT 10.0; Win64; x64) AppleWebKit/537.36 (KHTML, like Gecko) Chrome/127.0.0.0 Safari/537.36"
34.78.159.142 - - [18/May/2026:11:45:09 +0900] "\x16\x03" 400 295 "-" "-"
34.78.159.142 - - [18/May/2026:11:45:10 +0900] "OPTIONS / HTTP/1.1" 200 - "-" "Mozilla/5.0 (compatible)"
34.78.159.142 - - [18/May/2026:11:45:10 +0900] "VXQE / HTTP/1.1" 501 268 "-" "Mozilla/5.0 (compatible)"
::1 - - [18/May/2026:11:45:25 +0900] "OPTIONS * HTTP/1.0" 200 - "-" "Apache/2.4.37 (Rocky Linux) OpenSSL/1.1.1k mod_wsgi/4.7.1 Python/3.9 PHP/8.3.23 mod_apreq2-20101207/2.8.1 mod_perl/2.0.12 Perl/v5.26.3 (internal dummy connection)"
::1 - - [18/May/2026:11:45:36 +0900] "OPTIONS * HTTP/1.0" 200 - "-" "Apache/2.4.37 (Rocky Linux) OpenSSL/1.1.1k mod_wsgi/4.7.1 Python/3.9 PHP/8.3.23 mod_apreq2-20101207/2.8.1 mod_perl/2.0.12 Perl/v5.26.3 (internal dummy connection)"
::1 - - [18/May/2026:11:46:51 +0900] "OPTIONS * HTTP/1.0" 200 - "-" "Apache/2.4.37 (Rocky Linux) OpenSSL/1.1.1k mod_wsgi/4.7.1 Python/3.9 PHP/8.3.23 mod_apreq2-20101207/2.8.1 mod_perl/2.0.12 Perl/v5.26.3 (internal dummy connection)"
::1 - - [18/May/2026:11:49:57 +0900] "OPTIONS * HTTP/1.0" 200 - "-" "Apache/2.4.37 (Rocky Linux) OpenSSL/1.1.1k mod_wsgi/4.7.1 Python/3.9 PHP/8.3.23 mod_apreq2-20101207/2.8.1 mod_perl/2.0.12 Perl/v5.26.3 (internal dummy connection)"
45.198.224.9 - - [18/May/2026:11:50:46 +0900] "GET / HTTP/1.1" 400 295 "-" "curl/7.68.0"
89.248.173.162 - - [18/May/2026:11:55:12 +0900] "GET / HTTP/1.1" 200 1472 "-" "Mozilla/5.0 (X11; Linux x86_64; rv:140.0) Gecko/20100101 Firefox/140.0"
::1 - - [18/May/2026:11:56:37 +0900] "OPTIONS * HTTP/1.0" 200 - "-" "Apache/2.4.37 (Rocky Linux) OpenSSL/1.1.1k mod_wsgi/4.7.1 Python/3.9 PHP/8.3.23 mod_apreq2-20101207/2.8.1 mod_perl/2.0.12 Perl/v5.26.3 (internal dummy connection)"
68.183.192.38 - - [18/May/2026:12:00:45 +0900] "GET / HTTP/1.1" 200 1472 "-" "Mozilla/5.0 (X11; Linux x86_64) AppleWebKit/537.36 (KHTML, like Gecko) Chrome/142.0.0.0 Safari/537.36"
68.183.192.38 - - [18/May/2026:12:00:45 +0900] "GET /favicon.ico HTTP/1.1" 404 262 "http://smtp.piece.ne.jp/" "Mozilla/5.0 (X11; Linux x86_64) AppleWebKit/537.36 (KHTML, like Gecko) Chrome/142.0.0.0 Safari/537.36"
68.183.192.38 - - [18/May/2026:12:00:46 +0900] "GET / HTTP/1.1" 200 1472 "-" "Mozilla/5.0 (X11; Linux x86_64; rv:142.0) Gecko/20100101 Firefox/142.0"
68.183.192.38 - - [18/May/2026:12:00:50 +0900] "GET /favicon.ico HTTP/1.1" 404 263 "https://smtp.piece.ne.jp/" "Mozilla/5.0 (X11; Linux x86_64; rv:142.0) Gecko/20100101 Firefox/142.0"
45.198.224.9 - - [18/May/2026:12:11:27 +0900] "GET / HTTP/1.1" 400 296 "-" "curl/7.68.0"
20.169.104.218 - - [18/May/2026:12:15:34 +0900] "GET /druid/index.html HTTP/1.1" 404 260 "-" "Mozilla/5.0 zgrab/0.x"
185.242.226.113 - - [18/May/2026:12:16:44 +0900] "\x16\x03\x01" 400 295 "-" "-"
46.151.178.13 - - [18/May/2026:12:16:57 +0900] "PROPFIND / HTTP/1.1" 405 290 "http://122.17.174.126:443/" "-"
::1 - - [18/May/2026:12:17:27 +0900] "OPTIONS * HTTP/1.0" 200 - "-" "Apache/2.4.37 (Rocky Linux) OpenSSL/1.1.1k mod_wsgi/4.7.1 Python/3.9 PHP/8.3.23 mod_apreq2-20101207/2.8.1 mod_perl/2.0.12 Perl/v5.26.3 (internal dummy connection)"
::1 - - [18/May/2026:12:18:30 +0900] "OPTIONS * HTTP/1.0" 200 - "-" "Apache/2.4.37 (Rocky Linux) OpenSSL/1.1.1k mod_wsgi/4.7.1 Python/3.9 PHP/8.3.23 mod_apreq2-20101207/2.8.1 mod_perl/2.0.12 Perl/v5.26.3 (internal dummy connection)"
::1 - - [18/May/2026:12:18:31 +0900] "OPTIONS * HTTP/1.0" 200 - "-" "Apache/2.4.37 (Rocky Linux) OpenSSL/1.1.1k mod_wsgi/4.7.1 Python/3.9 PHP/8.3.23 mod_apreq2-20101207/2.8.1 mod_perl/2.0.12 Perl/v5.26.3 (internal dummy connection)"
::1 - - [18/May/2026:12:18:32 +0900] "OPTIONS * HTTP/1.0" 200 - "-" "Apache/2.4.37 (Rocky Linux) OpenSSL/1.1.1k mod_wsgi/4.7.1 Python/3.9 PHP/8.3.23 mod_apreq2-20101207/2.8.1 mod_perl/2.0.12 Perl/v5.26.3 (internal dummy connection)"
::1 - - [18/May/2026:12:18:33 +0900] "OPTIONS * HTTP/1.0" 200 - "-" "Apache/2.4.37 (Rocky Linux) OpenSSL/1.1.1k mod_wsgi/4.7.1 Python/3.9 PHP/8.3.23 mod_apreq2-20101207/2.8.1 mod_perl/2.0.12 Perl/v5.26.3 (internal dummy connection)"
::1 - - [18/May/2026:12:18:36 +0900] "OPTIONS * HTTP/1.0" 200 - "-" "Apache/2.4.37 (Rocky Linux) OpenSSL/1.1.1k mod_wsgi/4.7.1 Python/3.9 PHP/8.3.23 mod_apreq2-20101207/2.8.1 mod_perl/2.0.12 Perl/v5.26.3 (internal dummy connection)"
::1 - - [18/May/2026:12:18:44 +0900] "OPTIONS * HTTP/1.0" 200 - "-" "Apache/2.4.37 (Rocky Linux) OpenSSL/1.1.1k mod_wsgi/4.7.1 Python/3.9 PHP/8.3.23 mod_apreq2-20101207/2.8.1 mod_perl/2.0.12 Perl/v5.26.3 (internal dummy connection)"
151.243.11.35 - - [18/May/2026:12:18:46 +0900] "GET / HTTP/1.1" 400 295 "-" "curl/7.68.0"
::1 - - [18/May/2026:12:20:37 +0900] "OPTIONS * HTTP/1.0" 200 - "-" "Apache/2.4.37 (Rocky Linux) OpenSSL/1.1.1k mod_wsgi/4.7.1 Python/3.9 PHP/8.3.23 mod_apreq2-20101207/2.8.1 mod_perl/2.0.12 Perl/v5.26.3 (internal dummy connection)"
::1 - - [18/May/2026:12:20:38 +0900] "OPTIONS * HTTP/1.0" 200 - "-" "Apache/2.4.37 (Rocky Linux) OpenSSL/1.1.1k mod_wsgi/4.7.1 Python/3.9 PHP/8.3.23 mod_apreq2-20101207/2.8.1 mod_perl/2.0.12 Perl/v5.26.3 (internal dummy connection)"
::1 - - [18/May/2026:12:20:39 +0900] "OPTIONS * HTTP/1.0" 200 - "-" "Apache/2.4.37 (Rocky Linux) OpenSSL/1.1.1k mod_wsgi/4.7.1 Python/3.9 PHP/8.3.23 mod_apreq2-20101207/2.8.1 mod_perl/2.0.12 Perl/v5.26.3 (internal dummy connection)"
::1 - - [18/May/2026:12:20:40 +0900] "OPTIONS * HTTP/1.0" 200 - "-" "Apache/2.4.37 (Rocky Linux) OpenSSL/1.1.1k mod_wsgi/4.7.1 Python/3.9 PHP/8.3.23 mod_apreq2-20101207/2.8.1 mod_perl/2.0.12 Perl/v5.26.3 (internal dummy connection)"
::1 - - [18/May/2026:12:20:41 +0900] "OPTIONS * HTTP/1.0" 200 - "-" "Apache/2.4.37 (Rocky Linux) OpenSSL/1.1.1k mod_wsgi/4.7.1 Python/3.9 PHP/8.3.23 mod_apreq2-20101207/2.8.1 mod_perl/2.0.12 Perl/v5.26.3 (internal dummy connection)"
::1 - - [18/May/2026:12:20:43 +0900] "OPTIONS * HTTP/1.0" 200 - "-" "Apache/2.4.37 (Rocky Linux) OpenSSL/1.1.1k mod_wsgi/4.7.1 Python/3.9 PHP/8.3.23 mod_apreq2-20101207/2.8.1 mod_perl/2.0.12 Perl/v5.26.3 (internal dummy connection)"
::1 - - [18/May/2026:12:20:44 +0900] "OPTIONS * HTTP/1.0" 200 - "-" "Apache/2.4.37 (Rocky Linux) OpenSSL/1.1.1k mod_wsgi/4.7.1 Python/3.9 PHP/8.3.23 mod_apreq2-20101207/2.8.1 mod_perl/2.0.12 Perl/v5.26.3 (internal dummy connection)"
18.97.19.186 - - [18/May/2026:12:21:01 +0900] "GET / HTTP/1.1" 200 1472 "-" "Mozilla/5.0 (Windows NT 6.2;en-US) AppleWebKit/537.32.36 (KHTML, live Gecko) Chrome/50.0.3076.84 Safari/537.32"
167.253.157.114 - - [18/May/2026:12:21:06 +0900] "GET /wp-content/plugins/church-admin/readme.txt HTTP/1.1" 404 266 "-" "Mozilla/5.0 (Macintosh; Intel Mac OS X 10_15_7) AppleWebKit/537.36 (KHTML, like Gecko) Chrome/126.0.0.0 Safari/537.36"
31.70.69.187 - - [18/May/2026:12:21:46 +0900] "GET /webclient/ HTTP/1.1" 404 261 "-" "Python-urllib/3.12"
194.163.167.152 - - [18/May/2026:12:22:22 +0900] "GET /wp-admin/css/ HTTP/1.1" 404 261 "binance.com" "Mozilla/5.0 (Windows NT 10.0; Win64; x64) AppleWebKit/537.36 (KHTML, like Gecko) Chrome/90.0.4430.85 Safari/537.36"
194.163.167.152 - - [18/May/2026:12:22:30 +0900] "GET /.well-known/ HTTP/1.1" 404 261 "binance.com" "Mozilla/5.0 (Windows NT 10.0; Win64; x64) AppleWebKit/537.36 (KHTML, like Gecko) Chrome/90.0.4430.85 Safari/537.36"
194.163.167.152 - - [18/May/2026:12:22:39 +0900] "GET /sites/default/files/ HTTP/1.1" 404 261 "binance.com" "Mozilla/5.0 (Windows NT 10.0; Win64; x64) AppleWebKit/537.36 (KHTML, like Gecko) Chrome/90.0.4430.85 Safari/537.36"
194.163.167.152 - - [18/May/2026:12:22:46 +0900] "GET /admin/controller/extension/extension/ HTTP/1.1" 404 261 "binance.com" "Mozilla/5.0 (Windows NT 10.0; Win64; x64) AppleWebKit/537.36 (KHTML, like Gecko) Chrome/90.0.4430.85 Safari/537.36"
194.163.167.152 - - [18/May/2026:12:22:54 +0900] "GET /uploads/ HTTP/1.1" 404 261 "binance.com" "Mozilla/5.0 (Windows NT 10.0; Win64; x64) AppleWebKit/537.36 (KHTML, like Gecko) Chrome/90.0.4430.85 Safari/537.36"
194.163.167.152 - - [18/May/2026:12:23:01 +0900] "GET /images/ HTTP/1.1" 404 261 "binance.com" "Mozilla/5.0 (Windows NT 10.0; Win64; x64) AppleWebKit/537.36 (KHTML, like Gecko) Chrome/90.0.4430.85 Safari/537.36"
194.163.167.152 - - [18/May/2026:12:23:08 +0900] "GET /files/ HTTP/1.1" 404 261 "binance.com" "Mozilla/5.0 (Windows NT 10.0; Win64; x64) AppleWebKit/537.36 (KHTML, like Gecko) Chrome/90.0.4430.85 Safari/537.36"
109.105.210.99 - - [18/May/2026:12:24:51 +0900] "GET / HTTP/1.1" 200 1472 "-" "Mozilla/5.0 AppleWebKit/537.36 (KHTML, like Gecko) Chrome/123.0.6312.86 Safari/537.36"
109.105.210.98 - - [18/May/2026:12:25:30 +0900] "GET /license.txt HTTP/1.1" 404 261 "-" "Mozilla/5.0 AppleWebKit/537.36 (KHTML, like Gecko) Chrome/123.0.6312.86 Safari/537.36"
109.105.210.100 - - [18/May/2026:12:26:16 +0900] "GET /wp-json HTTP/1.1" 404 261 "-" "Mozilla/5.0 AppleWebKit/537.36 (KHTML, like Gecko) Chrome/123.0.6312.86 Safari/537.36"
109.105.210.99 - - [18/May/2026:12:27:14 +0900] "GET /wp-content/plugins/elementor/readme.txt HTTP/1.1" 404 261 "-" "Mozilla/5.0 AppleWebKit/537.36 (KHTML, like Gecko) Chrome/123.0.6312.86 Safari/537.36"
109.105.210.98 - - [18/May/2026:12:27:54 +0900] "GET /wp-content/plugins/cleantalk-spam-protect/readme.txt HTTP/1.1" 404 261 "-" "Mozilla/5.0 AppleWebKit/537.36 (KHTML, like Gecko) Chrome/123.0.6312.86 Safari/537.36"
::1 - - [18/May/2026:12:31:00 +0900] "OPTIONS * HTTP/1.0" 200 - "-" "Apache/2.4.37 (Rocky Linux) OpenSSL/1.1.1k mod_wsgi/4.7.1 Python/3.9 PHP/8.3.23 mod_apreq2-20101207/2.8.1 mod_perl/2.0.12 Perl/v5.26.3 (internal dummy connection)"
::1 - - [18/May/2026:12:35:52 +0900] "OPTIONS * HTTP/1.0" 200 - "-" "Apache/2.4.37 (Rocky Linux) OpenSSL/1.1.1k mod_wsgi/4.7.1 Python/3.9 PHP/8.3.23 mod_apreq2-20101207/2.8.1 mod_perl/2.0.12 Perl/v5.26.3 (internal dummy connection)"
::1 - - [18/May/2026:12:40:06 +0900] "OPTIONS * HTTP/1.0" 200 - "-" "Apache/2.4.37 (Rocky Linux) OpenSSL/1.1.1k mod_wsgi/4.7.1 Python/3.9 PHP/8.3.23 mod_apreq2-20101207/2.8.1 mod_perl/2.0.12 Perl/v5.26.3 (internal dummy connection)"
109.248.170.188 - - [18/May/2026:12:42:05 +0900] "POST /cgi-bin/.%2e/.%2e/.%2e/.%2e/.%2e/.%2e/.%2e/.%2e/.%2e/.%2e/bin/sh HTTP/1.1" 400 290 "-" "libredtail-http"
109.248.170.188 - - [18/May/2026:12:42:06 +0900] "POST /cgi-bin/%%32%65%%32%65/%%32%65%%32%65/%%32%65%%32%65/%%32%65%%32%65/%%32%65%%32%65/%%32%65%%32%65/%%32%65%%32%65/bin/sh HTTP/1.1" 400 290 "-" "libredtail-http"
109.248.170.188 - - [18/May/2026:12:42:07 +0900] "POST /hello.world?%ADd+allow_url_include%3d1+%ADd+auto_prepend_file%3dphp://input HTTP/1.1" 404 260 "-" "libredtail-http"
109.248.170.188 - - [18/May/2026:12:42:07 +0900] "POST /?%ADd+allow_url_include%3d1+%ADd+auto_prepend_file%3dphp://input HTTP/1.1" 200 1472 "-" "libredtail-http"
109.248.170.188 - - [18/May/2026:12:42:08 +0900] "GET /vendor/phpunit/phpunit/src/Util/PHP/eval-stdin.php HTTP/1.1" 404 260 "-" "libredtail-http"
109.248.170.188 - - [18/May/2026:12:42:08 +0900] "GET /vendor/phpunit/phpunit/Util/PHP/eval-stdin.php HTTP/1.1" 404 260 "-" "libredtail-http"
109.248.170.188 - - [18/May/2026:12:42:09 +0900] "GET /vendor/phpunit/src/Util/PHP/eval-stdin.php HTTP/1.1" 404 260 "-" "libredtail-http"
109.248.170.188 - - [18/May/2026:12:42:09 +0900] "GET /vendor/phpunit/Util/PHP/eval-stdin.php HTTP/1.1" 404 260 "-" "libredtail-http"
109.248.170.188 - - [18/May/2026:12:42:09 +0900] "GET /vendor/phpunit/phpunit/LICENSE/eval-stdin.php HTTP/1.1" 404 260 "-" "libredtail-http"
109.248.170.188 - - [18/May/2026:12:42:10 +0900] "GET /vendor/vendor/phpunit/phpunit/src/Util/PHP/eval-stdin.php HTTP/1.1" 404 260 "-" "libredtail-http"
109.248.170.188 - - [18/May/2026:12:42:10 +0900] "GET /phpunit/phpunit/src/Util/PHP/eval-stdin.php HTTP/1.1" 404 260 "-" "libredtail-http"
109.248.170.188 - - [18/May/2026:12:42:11 +0900] "GET /phpunit/phpunit/Util/PHP/eval-stdin.php HTTP/1.1" 404 260 "-" "libredtail-http"
109.248.170.188 - - [18/May/2026:12:42:11 +0900] "GET /phpunit/src/Util/PHP/eval-stdin.php HTTP/1.1" 404 260 "-" "libredtail-http"
109.248.170.188 - - [18/May/2026:12:42:11 +0900] "GET /phpunit/Util/PHP/eval-stdin.php HTTP/1.1" 404 260 "-" "libredtail-http"
109.248.170.188 - - [18/May/2026:12:42:12 +0900] "GET /lib/phpunit/phpunit/src/Util/PHP/eval-stdin.php HTTP/1.1" 404 260 "-" "libredtail-http"
109.248.170.188 - - [18/May/2026:12:42:12 +0900] "GET /lib/phpunit/phpunit/Util/PHP/eval-stdin.php HTTP/1.1" 404 260 "-" "libredtail-http"
109.248.170.188 - - [18/May/2026:12:42:13 +0900] "GET /lib/phpunit/src/Util/PHP/eval-stdin.php HTTP/1.1" 404 260 "-" "libredtail-http"
109.248.170.188 - - [18/May/2026:12:42:13 +0900] "GET /lib/phpunit/Util/PHP/eval-stdin.php HTTP/1.1" 404 260 "-" "libredtail-http"
109.248.170.188 - - [18/May/2026:12:42:13 +0900] "GET /lib/vendor/phpunit/phpunit/src/Util/PHP/eval-stdin.php HTTP/1.1" 404 260 "-" "libredtail-http"
109.248.170.188 - - [18/May/2026:12:42:14 +0900] "GET /laravel/vendor/phpunit/phpunit/src/Util/PHP/eval-stdin.php HTTP/1.1" 404 260 "-" "libredtail-http"
109.248.170.188 - - [18/May/2026:12:42:14 +0900] "GET /www/vendor/phpunit/phpunit/src/Util/PHP/eval-stdin.php HTTP/1.1" 404 260 "-" "libredtail-http"
109.248.170.188 - - [18/May/2026:12:42:15 +0900] "GET /ws/vendor/phpunit/phpunit/src/Util/PHP/eval-stdin.php HTTP/1.1" 404 260 "-" "libredtail-http"
109.248.170.188 - - [18/May/2026:12:42:15 +0900] "GET /yii/vendor/phpunit/phpunit/src/Util/PHP/eval-stdin.php HTTP/1.1" 404 260 "-" "libredtail-http"
109.248.170.188 - - [18/May/2026:12:42:16 +0900] "GET /zend/vendor/phpunit/phpunit/src/Util/PHP/eval-stdin.php HTTP/1.1" 404 260 "-" "libredtail-http"
109.248.170.188 - - [18/May/2026:12:42:16 +0900] "GET /ws/ec/vendor/phpunit/phpunit/src/Util/PHP/eval-stdin.php HTTP/1.1" 404 260 "-" "libredtail-http"
109.248.170.188 - - [18/May/2026:12:42:17 +0900] "GET /V2/vendor/phpunit/phpunit/src/Util/PHP/eval-stdin.php HTTP/1.1" 404 260 "-" "libredtail-http"
109.248.170.188 - - [18/May/2026:12:42:17 +0900] "GET /tests/vendor/phpunit/phpunit/src/Util/PHP/eval-stdin.php HTTP/1.1" 404 260 "-" "libredtail-http"
109.248.170.188 - - [18/May/2026:12:42:18 +0900] "GET /test/vendor/phpunit/phpunit/src/Util/PHP/eval-stdin.php HTTP/1.1" 404 260 "-" "libredtail-http"
109.248.170.188 - - [18/May/2026:12:42:18 +0900] "GET /testing/vendor/phpunit/phpunit/src/Util/PHP/eval-stdin.php HTTP/1.1" 404 260 "-" "libredtail-http"
109.248.170.188 - - [18/May/2026:12:42:19 +0900] "GET /api/vendor/phpunit/phpunit/src/Util/PHP/eval-stdin.php HTTP/1.1" 404 260 "-" "libredtail-http"
109.248.170.188 - - [18/May/2026:12:42:19 +0900] "GET /demo/vendor/phpunit/phpunit/src/Util/PHP/eval-stdin.php HTTP/1.1" 404 260 "-" "libredtail-http"
109.248.170.188 - - [18/May/2026:12:42:19 +0900] "GET /cms/vendor/phpunit/phpunit/src/Util/PHP/eval-stdin.php HTTP/1.1" 404 260 "-" "libredtail-http"
109.248.170.188 - - [18/May/2026:12:42:20 +0900] "GET /crm/vendor/phpunit/phpunit/src/Util/PHP/eval-stdin.php HTTP/1.1" 404 260 "-" "libredtail-http"
109.248.170.188 - - [18/May/2026:12:42:20 +0900] "GET /admin/vendor/phpunit/phpunit/src/Util/PHP/eval-stdin.php HTTP/1.1" 404 260 "-" "libredtail-http"
109.248.170.188 - - [18/May/2026:12:42:21 +0900] "GET /backup/vendor/phpunit/phpunit/src/Util/PHP/eval-stdin.php HTTP/1.1" 404 260 "-" "libredtail-http"
109.248.170.188 - - [18/May/2026:12:42:21 +0900] "GET /blog/vendor/phpunit/phpunit/src/Util/PHP/eval-stdin.php HTTP/1.1" 404 260 "-" "libredtail-http"
109.248.170.188 - - [18/May/2026:12:42:21 +0900] "GET /workspace/drupal/vendor/phpunit/phpunit/src/Util/PHP/eval-stdin.php HTTP/1.1" 404 260 "-" "libredtail-http"
109.248.170.188 - - [18/May/2026:12:42:22 +0900] "GET /panel/vendor/phpunit/phpunit/src/Util/PHP/eval-stdin.php HTTP/1.1" 404 260 "-" "libredtail-http"
109.248.170.188 - - [18/May/2026:12:42:22 +0900] "GET /public/vendor/phpunit/phpunit/src/Util/PHP/eval-stdin.php HTTP/1.1" 404 260 "-" "libredtail-http"
109.248.170.188 - - [18/May/2026:12:42:23 +0900] "GET /apps/vendor/phpunit/phpunit/src/Util/PHP/eval-stdin.php HTTP/1.1" 404 260 "-" "libredtail-http"
109.248.170.188 - - [18/May/2026:12:42:23 +0900] "GET /app/vendor/phpunit/phpunit/src/Util/PHP/eval-stdin.php HTTP/1.1" 404 260 "-" "libredtail-http"
109.248.170.188 - - [18/May/2026:12:42:24 +0900] "GET /index.php?s=/index/\\think\\app/invokefunction&function=call_user_func_array&vars[0]=md5&vars[1][]=Hello HTTP/1.1" 404 260 "-" "libredtail-http"
109.248.170.188 - - [18/May/2026:12:42:24 +0900] "GET /public/index.php?s=/index/\\think\\app/invokefunction&function=call_user_func_array&vars[0]=md5&vars[1][]=Hello HTTP/1.1" 404 260 "-" "libredtail-http"
109.248.170.188 - - [18/May/2026:12:42:24 +0900] "GET /index.php?lang=../../../../../../../../usr/local/lib/php/pearcmd&+config-create+/&/+/tmp/index1.php HTTP/1.1" 404 260 "-" "libredtail-http"
109.248.170.188 - - [18/May/2026:12:42:25 +0900] "GET /index.php?lang=../../../../../../../../tmp/index1 HTTP/1.1" 404 260 "-" "libredtail-http"
109.248.170.188 - - [18/May/2026:12:42:25 +0900] "GET /containers/json HTTP/1.1" 404 260 "-" "libredtail-http"
::1 - - [18/May/2026:12:42:43 +0900] "OPTIONS * HTTP/1.0" 200 - "-" "Apache/2.4.37 (Rocky Linux) OpenSSL/1.1.1k mod_wsgi/4.7.1 Python/3.9 PHP/8.3.23 mod_apreq2-20101207/2.8.1 mod_perl/2.0.12 Perl/v5.26.3 (internal dummy connection)"
43.157.50.58 - - [18/May/2026:12:48:43 +0900] "GET / HTTP/1.1" 200 1472 "-" "Mozilla/5.0 (iPhone; CPU iPhone OS 13_2_3 like Mac OS X) AppleWebKit/605.1.15 (KHTML, like Gecko) Version/13.0.3 Mobile/15E148 Safari/604.1"
::1 - - [18/May/2026:12:50:25 +0900] "OPTIONS * HTTP/1.0" 200 - "-" "Apache/2.4.37 (Rocky Linux) OpenSSL/1.1.1k mod_wsgi/4.7.1 Python/3.9 PHP/8.3.23 mod_apreq2-20101207/2.8.1 mod_perl/2.0.12 Perl/v5.26.3 (internal dummy connection)"
::1 - - [18/May/2026:12:54:16 +0900] "OPTIONS * HTTP/1.0" 200 - "-" "Apache/2.4.37 (Rocky Linux) OpenSSL/1.1.1k mod_wsgi/4.7.1 Python/3.9 PHP/8.3.23 mod_apreq2-20101207/2.8.1 mod_perl/2.0.12 Perl/v5.26.3 (internal dummy connection)"
::1 - - [18/May/2026:12:54:39 +0900] "OPTIONS * HTTP/1.0" 200 - "-" "Apache/2.4.37 (Rocky Linux) OpenSSL/1.1.1k mod_wsgi/4.7.1 Python/3.9 PHP/8.3.23 mod_apreq2-20101207/2.8.1 mod_perl/2.0.12 Perl/v5.26.3 (internal dummy connection)"
5.61.209.33 - - [18/May/2026:12:59:56 +0900] "GET / HTTP/1.1" 200 1472 "-" "Mozilla/5.0"
176.65.139.177 - - [18/May/2026:13:04:07 +0900] "GET /login HTTP/1.1" 404 260 "-" "Go-http-client/1.1"
35.216.189.16 - - [18/May/2026:13:05:01 +0900] "\x16\x03\x01" 400 295 "-" "-"
35.216.189.16 - - [18/May/2026:13:05:01 +0900] "GET / HTTP/1.1" 400 295 "-" "-"
35.216.189.16 - - [18/May/2026:13:05:02 +0900] "GET / HTTP/1.1" 200 1472 "-" "abuse.xmco.fr"
35.216.189.16 - - [18/May/2026:13:05:02 +0900] "GET /.env HTTP/1.1" 404 260 "-" "Mozilla/5.0 (Macintosh; Intel Mac OS X 10.15; rv:103.0) Gecko/20100101 Firefox/103.0 abuse.xmco.fr"
35.216.189.16 - - [18/May/2026:13:05:03 +0900] "GET /telescope/requests HTTP/1.1" 404 260 "-" "Mozilla/5.0 (Macintosh; Intel Mac OS X 10.15; rv:103.0) Gecko/20100101 Firefox/103.0 abuse.xmco.fr"
35.216.189.16 - - [18/May/2026:13:05:03 +0900] "GET /info.php HTTP/1.1" 404 260 "-" "Mozilla/5.0 (Macintosh; Intel Mac OS X 10.15; rv:103.0) Gecko/20100101 Firefox/103.0 abuse.xmco.fr"
35.216.189.16 - - [18/May/2026:13:05:04 +0900] "GET /.git/config HTTP/1.1" 404 260 "-" "Mozilla/5.0 (Macintosh; Intel Mac OS X 10.15; rv:103.0) Gecko/20100101 Firefox/103.0 abuse.xmco.fr"
35.216.189.16 - - [18/May/2026:13:05:04 +0900] "GET /server-status HTTP/1.1" 404 260 "-" "Mozilla/5.0 (Macintosh; Intel Mac OS X 10.15; rv:103.0) Gecko/20100101 Firefox/103.0 abuse.xmco.fr"
35.216.189.16 - - [18/May/2026:13:05:05 +0900] "GET /config.json HTTP/1.1" 404 260 "-" "Mozilla/5.0 (Macintosh; Intel Mac OS X 10.15; rv:103.0) Gecko/20100101 Firefox/103.0 abuse.xmco.fr"
::1 - - [18/May/2026:13:07:08 +0900] "OPTIONS * HTTP/1.0" 200 - "-" "Apache/2.4.37 (Rocky Linux) OpenSSL/1.1.1k mod_wsgi/4.7.1 Python/3.9 PHP/8.3.23 mod_apreq2-20101207/2.8.1 mod_perl/2.0.12 Perl/v5.26.3 (internal dummy connection)"
::1 - - [18/May/2026:13:07:09 +0900] "OPTIONS * HTTP/1.0" 200 - "-" "Apache/2.4.37 (Rocky Linux) OpenSSL/1.1.1k mod_wsgi/4.7.1 Python/3.9 PHP/8.3.23 mod_apreq2-20101207/2.8.1 mod_perl/2.0.12 Perl/v5.26.3 (internal dummy connection)"
::1 - - [18/May/2026:13:07:10 +0900] "OPTIONS * HTTP/1.0" 200 - "-" "Apache/2.4.37 (Rocky Linux) OpenSSL/1.1.1k mod_wsgi/4.7.1 Python/3.9 PHP/8.3.23 mod_apreq2-20101207/2.8.1 mod_perl/2.0.12 Perl/v5.26.3 (internal dummy connection)"
::1 - - [18/May/2026:13:07:11 +0900] "OPTIONS * HTTP/1.0" 200 - "-" "Apache/2.4.37 (Rocky Linux) OpenSSL/1.1.1k mod_wsgi/4.7.1 Python/3.9 PHP/8.3.23 mod_apreq2-20101207/2.8.1 mod_perl/2.0.12 Perl/v5.26.3 (internal dummy connection)"
::1 - - [18/May/2026:13:07:12 +0900] "OPTIONS * HTTP/1.0" 200 - "-" "Apache/2.4.37 (Rocky Linux) OpenSSL/1.1.1k mod_wsgi/4.7.1 Python/3.9 PHP/8.3.23 mod_apreq2-20101207/2.8.1 mod_perl/2.0.12 Perl/v5.26.3 (internal dummy connection)"
::1 - - [18/May/2026:13:10:20 +0900] "OPTIONS * HTTP/1.0" 200 - "-" "Apache/2.4.37 (Rocky Linux) OpenSSL/1.1.1k mod_wsgi/4.7.1 Python/3.9 PHP/8.3.23 mod_apreq2-20101207/2.8.1 mod_perl/2.0.12 Perl/v5.26.3 (internal dummy connection)"
176.65.149.253 - - [18/May/2026:13:10:49 +0900] "GET /.env HTTP/1.0" 404 266 "-" "Mozilla/5.0 (Windows NT 10.0; Win64; x64) AppleWebKit/537.36 (KHTML, like Gecko) Chrome/124.0.0.0 Safari/537.36"
::1 - - [18/May/2026:13:10:51 +0900] "OPTIONS * HTTP/1.0" 200 - "-" "Apache/2.4.37 (Rocky Linux) OpenSSL/1.1.1k mod_wsgi/4.7.1 Python/3.9 PHP/8.3.23 mod_apreq2-20101207/2.8.1 mod_perl/2.0.12 Perl/v5.26.3 (internal dummy connection)"
44.220.185.61 - - [18/May/2026:13:13:38 +0900] "GET / HTTP/1.1" 200 1472 "-" "Mozilla/5.0 (Windows NT 6.2;en-US) AppleWebKit/537.32.36 (KHTML, live Gecko) Chrome/55.0.3106.78 Safari/537.32"
::1 - - [18/May/2026:13:16:11 +0900] "OPTIONS * HTTP/1.0" 200 - "-" "Apache/2.4.37 (Rocky Linux) OpenSSL/1.1.1k mod_wsgi/4.7.1 Python/3.9 PHP/8.3.23 mod_apreq2-20101207/2.8.1 mod_perl/2.0.12 Perl/v5.26.3 (internal dummy connection)"
40.124.86.76 - - [18/May/2026:13:18:06 +0900] "GET / HTTP/1.1" 200 1472 "-" "Mozilla/5.0 zgrab/0.x"
43.166.130.123 - - [18/May/2026:13:19:34 +0900] "GET / HTTP/1.1" 200 1472 "-" "Mozilla/5.0 (iPhone; CPU iPhone OS 13_2_3 like Mac OS X) AppleWebKit/605.1.15 (KHTML, like Gecko) Version/13.0.3 Mobile/15E148 Safari/604.1"
::1 - - [18/May/2026:13:26:36 +0900] "OPTIONS * HTTP/1.0" 200 - "-" "Apache/2.4.37 (Rocky Linux) OpenSSL/1.1.1k mod_wsgi/4.7.1 Python/3.9 PHP/8.3.23 mod_apreq2-20101207/2.8.1 mod_perl/2.0.12 Perl/v5.26.3 (internal dummy connection)"
3.88.230.19 - - [18/May/2026:13:29:09 +0900] "GET / HTTP/1.1" 200 1472 "-" "Mozilla/5.0 (Windows NT 10.0; Win64; x64) AppleWebKit/537.36 (KHTML, like Gecko) Chrome/86.0.4240.75 Safari/537.36"
35.195.84.127 - - [18/May/2026:13:34:59 +0900] "GET / HTTP/1.1" 200 1472 "-" "python-requests/2.32.5"
80.87.206.143 - - [18/May/2026:13:41:58 +0900] "GET /.env HTTP/1.0" 404 265 "-" "Mozilla/5.0 (Windows NT 6.0; rv:40.0) Gecko/20100101 Firefox/40.0"
135.237.124.223 - - [18/May/2026:13:42:29 +0900] "MGLNDD_122.17.174.126_80\n" 400 295 "-" "-"
47.254.72.143 - - [18/May/2026:13:46:58 +0900] "GET / HTTP/1.1" 200 1472 "-" "curl/7.64.1"
47.254.72.143 - - [18/May/2026:13:47:03 +0900] "GET / HTTP/1.1" 200 1472 "-" "curl/7.74.0"
172.105.128.12 - - [18/May/2026:13:56:56 +0900] "GET / HTTP/1.1" 200 1472 "-" "Mozilla/5.0 (Macintosh; Intel Mac OS X 13_1) AppleWebKit/537.36 (KHTML, like Gecko) Chrome/108.0.0.0 Safari/537.36"
151.243.11.35 - - [18/May/2026:14:11:48 +0900] "GET / HTTP/1.1" 400 296 "-" "curl/7.68.0"
46.151.178.13 - - [18/May/2026:14:12:49 +0900] "PROPFIND / HTTP/1.1" 405 290 "http://122.17.174.126:443/" "-"
::1 - - [18/May/2026:14:14:36 +0900] "OPTIONS * HTTP/1.0" 200 - "-" "Apache/2.4.37 (Rocky Linux) OpenSSL/1.1.1k mod_wsgi/4.7.1 Python/3.9 PHP/8.3.23 mod_apreq2-20101207/2.8.1 mod_perl/2.0.12 Perl/v5.26.3 (internal dummy connection)"
::1 - - [18/May/2026:14:14:38 +0900] "OPTIONS * HTTP/1.0" 200 - "-" "Apache/2.4.37 (Rocky Linux) OpenSSL/1.1.1k mod_wsgi/4.7.1 Python/3.9 PHP/8.3.23 mod_apreq2-20101207/2.8.1 mod_perl/2.0.12 Perl/v5.26.3 (internal dummy connection)"
::1 - - [18/May/2026:14:14:40 +0900] "OPTIONS * HTTP/1.0" 200 - "-" "Apache/2.4.37 (Rocky Linux) OpenSSL/1.1.1k mod_wsgi/4.7.1 Python/3.9 PHP/8.3.23 mod_apreq2-20101207/2.8.1 mod_perl/2.0.12 Perl/v5.26.3 (internal dummy connection)"
::1 - - [18/May/2026:14:15:24 +0900] "OPTIONS * HTTP/1.0" 200 - "-" "Apache/2.4.37 (Rocky Linux) OpenSSL/1.1.1k mod_wsgi/4.7.1 Python/3.9 PHP/8.3.23 mod_apreq2-20101207/2.8.1 mod_perl/2.0.12 Perl/v5.26.3 (internal dummy connection)"
::1 - - [18/May/2026:14:15:36 +0900] "OPTIONS * HTTP/1.0" 200 - "-" "Apache/2.4.37 (Rocky Linux) OpenSSL/1.1.1k mod_wsgi/4.7.1 Python/3.9 PHP/8.3.23 mod_apreq2-20101207/2.8.1 mod_perl/2.0.12 Perl/v5.26.3 (internal dummy connection)"
::1 - - [18/May/2026:14:15:40 +0900] "OPTIONS * HTTP/1.0" 200 - "-" "Apache/2.4.37 (Rocky Linux) OpenSSL/1.1.1k mod_wsgi/4.7.1 Python/3.9 PHP/8.3.23 mod_apreq2-20101207/2.8.1 mod_perl/2.0.12 Perl/v5.26.3 (internal dummy connection)"
47.253.5.130 - - [18/May/2026:14:23:31 +0900] "POST /cgi-bin/.%2e/.%2e/.%2e/.%2e/.%2e/.%2e/.%2e/.%2e/.%2e/.%2e/bin/sh HTTP/1.1" 400 291 "-" "libredtail-http"
128.1.132.220 - - [18/May/2026:14:24:01 +0900] "{\"method\":\"login\",\"params\":{\"login\":\"45JymPWP1DeQxxMZNJv9w2bTQ2WJDAmw18wUSryDQa3RPrympJPoUSVcFEDv3bhiMJGWaCD4a3KrFCorJHCMqXJUKApSKDV\",\"pass\":\"xxoo\",\"agent\":\"xmr-stak-cpu/1.3.0-1.5.0\"},\"id\":1}\n" 400 296 "-" "-"
128.1.132.220 - - [18/May/2026:14:24:02 +0900] "{\"id\":1,\"method\":\"mining.subscribe\",\"params\":[]}\n" 400 296 "-" "-"
128.1.132.220 - - [18/May/2026:14:24:02 +0900] "{\"params\": [\"miner1\", \"password\"], \"id\": 2, \"method\": \"mining.authorize\"}\n" 400 296 "-" "-"
43.157.82.252 - - [18/May/2026:14:29:47 +0900] "GET / HTTP/1.1" 200 1472 "-" "Mozilla/5.0 (iPhone; CPU iPhone OS 13_2_3 like Mac OS X) AppleWebKit/605.1.15 (KHTML, like Gecko) Version/13.0.3 Mobile/15E148 Safari/604.1"
::1 - - [18/May/2026:14:30:57 +0900] "OPTIONS * HTTP/1.0" 200 - "-" "Apache/2.4.37 (Rocky Linux) OpenSSL/1.1.1k mod_wsgi/4.7.1 Python/3.9 PHP/8.3.23 mod_apreq2-20101207/2.8.1 mod_perl/2.0.12 Perl/v5.26.3 (internal dummy connection)"
162.14.66.219 - - [18/May/2026:14:39:02 +0900] "GET / HTTP/1.1" 200 1472 "-" "Mozilla/5.0 (iPhone; CPU iPhone OS 13_2_3 like Mac OS X) AppleWebKit/605.1.15 (KHTML, like Gecko) Version/13.0.3 Mobile/15E148 Safari/604.1"
126.36.79.87 - - [18/May/2026:14:40:32 +0900] "-" 408 - "-" "-"
202.139.216.168 - - [18/May/2026:14:40:47 +0900] "GET /.env HTTP/1.1" 404 260 "-" "Mozilla/5.0 (X11; Linux x86_64) AppleWebKit/537.36 (KHTML, like Gecko) Chrome/81.0.4044.129 Safari/537.36"
178.16.53.147 - - [18/May/2026:14:56:25 +0900] "GET / HTTP/1.1" 200 1472 "-" "Mozilla/5.0 (Kubuntu; Linux i686) AppleWebKit/537.36 (KHTML, like Gecko) Chrome/136.0.0.0 Safari/537.36"
198.235.24.114 - - [18/May/2026:14:56:31 +0900] "\x16\x03\x01" 400 295 "-" "-"
198.235.24.114 - - [18/May/2026:14:56:31 +0900] "\x16\x03\x01" 400 295 "-" "-"
43.159.63.116 - - [18/May/2026:14:56:38 +0900] "GET / HTTP/1.1" 200 1472 "-" "Mozilla/5.0 (iPhone; CPU iPhone OS 13_2_3 like Mac OS X) AppleWebKit/605.1.15 (KHTML, like Gecko) Version/13.0.3 Mobile/15E148 Safari/604.1"
34.198.2.0 - - [18/May/2026:14:59:11 +0900] "GET /robots.txt HTTP/1.1" 404 265 "-" "Mozilla/5.0 (Macintosh; Intel Mac OS X 10_10_1) AppleWebKit/600.2.5 (KHTML, like Gecko) Version/8.0.2 Safari/600.2.5 (Gort)"
69.171.230.116 - - [18/May/2026:15:14:32 +0900] "GET /robots.txt HTTP/1.1" 404 266 "-" "facebookexternalhit/1.1 (+http://www.facebook.com/externalhit_uatext.php)"
::1 - - [18/May/2026:15:15:36 +0900] "OPTIONS * HTTP/1.0" 200 - "-" "Apache/2.4.37 (Rocky Linux) OpenSSL/1.1.1k mod_wsgi/4.7.1 Python/3.9 PHP/8.3.23 mod_apreq2-20101207/2.8.1 mod_perl/2.0.12 Perl/v5.26.3 (internal dummy connection)"
::1 - - [18/May/2026:15:15:37 +0900] "OPTIONS * HTTP/1.0" 200 - "-" "Apache/2.4.37 (Rocky Linux) OpenSSL/1.1.1k mod_wsgi/4.7.1 Python/3.9 PHP/8.3.23 mod_apreq2-20101207/2.8.1 mod_perl/2.0.12 Perl/v5.26.3 (internal dummy connection)"
20.65.193.198 - - [18/May/2026:15:15:45 +0900] "GET /ReportServer HTTP/1.1" 404 260 "-" "Mozilla/5.0 zgrab/0.x"
::1 - - [18/May/2026:15:25:33 +0900] "OPTIONS * HTTP/1.0" 200 - "-" "Apache/2.4.37 (Rocky Linux) OpenSSL/1.1.1k mod_wsgi/4.7.1 Python/3.9 PHP/8.3.23 mod_apreq2-20101207/2.8.1 mod_perl/2.0.12 Perl/v5.26.3 (internal dummy connection)"
::1 - - [18/May/2026:15:28:39 +0900] "OPTIONS * HTTP/1.0" 200 - "-" "Apache/2.4.37 (Rocky Linux) OpenSSL/1.1.1k mod_wsgi/4.7.1 Python/3.9 PHP/8.3.23 mod_apreq2-20101207/2.8.1 mod_perl/2.0.12 Perl/v5.26.3 (internal dummy connection)"
45.139.122.80 - - [18/May/2026:15:31:55 +0900] "GET /SDK/webLanguage HTTP/1.1" 404 260 "-" "Mozilla/5.0 (Windows NT 10.0; Win64; x64) AppleWebKit/537.36 (KHTML, like Gecko) Chrome/90.0.4430.85 Safari/537.36 Edg/90.0.818.46"
::1 - - [18/May/2026:15:33:21 +0900] "OPTIONS * HTTP/1.0" 200 - "-" "Apache/2.4.37 (Rocky Linux) OpenSSL/1.1.1k mod_wsgi/4.7.1 Python/3.9 PHP/8.3.23 mod_apreq2-20101207/2.8.1 mod_perl/2.0.12 Perl/v5.26.3 (internal dummy connection)"
::1 - - [18/May/2026:15:36:38 +0900] "OPTIONS * HTTP/1.0" 200 - "-" "Apache/2.4.37 (Rocky Linux) OpenSSL/1.1.1k mod_wsgi/4.7.1 Python/3.9 PHP/8.3.23 mod_apreq2-20101207/2.8.1 mod_perl/2.0.12 Perl/v5.26.3 (internal dummy connection)"
::1 - - [18/May/2026:15:36:39 +0900] "OPTIONS * HTTP/1.0" 200 - "-" "Apache/2.4.37 (Rocky Linux) OpenSSL/1.1.1k mod_wsgi/4.7.1 Python/3.9 PHP/8.3.23 mod_apreq2-20101207/2.8.1 mod_perl/2.0.12 Perl/v5.26.3 (internal dummy connection)"
::1 - - [18/May/2026:15:36:53 +0900] "OPTIONS * HTTP/1.0" 200 - "-" "Apache/2.4.37 (Rocky Linux) OpenSSL/1.1.1k mod_wsgi/4.7.1 Python/3.9 PHP/8.3.23 mod_apreq2-20101207/2.8.1 mod_perl/2.0.12 Perl/v5.26.3 (internal dummy connection)"
118.193.44.169 - - [18/May/2026:15:41:14 +0900] "GET / HTTP/1.1" 200 1472 "-" "curl/7.29.0"
118.193.44.169 - - [18/May/2026:15:41:14 +0900] "\x16\x03\x01" 400 295 "-" "-"
118.193.44.169 - - [18/May/2026:15:41:14 +0900] "t3 12.1.2\n" 400 295 "-" "-"
46.151.178.13 - - [18/May/2026:15:51:08 +0900] "PROPFIND / HTTP/1.1" 405 290 "http://122.17.174.126:443/" "-"
98.80.16.166 - - [18/May/2026:15:55:35 +0900] "GET /robots.txt HTTP/1.1" 404 262 "-" "Mozilla/5.0 (Macintosh; Intel Mac OS X 10_10_1) AppleWebKit/600.2.5 (KHTML, like Gecko) Version/8.0.2 Safari/600.2.5 (Gort)"
::1 - - [18/May/2026:15:55:48 +0900] "OPTIONS * HTTP/1.0" 200 - "-" "Apache/2.4.37 (Rocky Linux) OpenSSL/1.1.1k mod_wsgi/4.7.1 Python/3.9 PHP/8.3.23 mod_apreq2-20101207/2.8.1 mod_perl/2.0.12 Perl/v5.26.3 (internal dummy connection)"
::1 - - [18/May/2026:16:00:17 +0900] "OPTIONS * HTTP/1.0" 200 - "-" "Apache/2.4.37 (Rocky Linux) OpenSSL/1.1.1k mod_wsgi/4.7.1 Python/3.9 PHP/8.3.23 mod_apreq2-20101207/2.8.1 mod_perl/2.0.12 Perl/v5.26.3 (internal dummy connection)"
::1 - - [18/May/2026:16:00:18 +0900] "OPTIONS * HTTP/1.0" 200 - "-" "Apache/2.4.37 (Rocky Linux) OpenSSL/1.1.1k mod_wsgi/4.7.1 Python/3.9 PHP/8.3.23 mod_apreq2-20101207/2.8.1 mod_perl/2.0.12 Perl/v5.26.3 (internal dummy connection)"
::1 - - [18/May/2026:16:00:19 +0900] "OPTIONS * HTTP/1.0" 200 - "-" "Apache/2.4.37 (Rocky Linux) OpenSSL/1.1.1k mod_wsgi/4.7.1 Python/3.9 PHP/8.3.23 mod_apreq2-20101207/2.8.1 mod_perl/2.0.12 Perl/v5.26.3 (internal dummy connection)"
::1 - - [18/May/2026:16:00:20 +0900] "OPTIONS * HTTP/1.0" 200 - "-" "Apache/2.4.37 (Rocky Linux) OpenSSL/1.1.1k mod_wsgi/4.7.1 Python/3.9 PHP/8.3.23 mod_apreq2-20101207/2.8.1 mod_perl/2.0.12 Perl/v5.26.3 (internal dummy connection)"
::1 - - [18/May/2026:16:00:21 +0900] "OPTIONS * HTTP/1.0" 200 - "-" "Apache/2.4.37 (Rocky Linux) OpenSSL/1.1.1k mod_wsgi/4.7.1 Python/3.9 PHP/8.3.23 mod_apreq2-20101207/2.8.1 mod_perl/2.0.12 Perl/v5.26.3 (internal dummy connection)"
::1 - - [18/May/2026:16:00:22 +0900] "OPTIONS * HTTP/1.0" 200 - "-" "Apache/2.4.37 (Rocky Linux) OpenSSL/1.1.1k mod_wsgi/4.7.1 Python/3.9 PHP/8.3.23 mod_apreq2-20101207/2.8.1 mod_perl/2.0.12 Perl/v5.26.3 (internal dummy connection)"
::1 - - [18/May/2026:16:00:25 +0900] "OPTIONS * HTTP/1.0" 200 - "-" "Apache/2.4.37 (Rocky Linux) OpenSSL/1.1.1k mod_wsgi/4.7.1 Python/3.9 PHP/8.3.23 mod_apreq2-20101207/2.8.1 mod_perl/2.0.12 Perl/v5.26.3 (internal dummy connection)"
::1 - - [18/May/2026:16:00:30 +0900] "OPTIONS * HTTP/1.0" 200 - "-" "Apache/2.4.37 (Rocky Linux) OpenSSL/1.1.1k mod_wsgi/4.7.1 Python/3.9 PHP/8.3.23 mod_apreq2-20101207/2.8.1 mod_perl/2.0.12 Perl/v5.26.3 (internal dummy connection)"
::1 - - [18/May/2026:16:00:40 +0900] "OPTIONS * HTTP/1.0" 200 - "-" "Apache/2.4.37 (Rocky Linux) OpenSSL/1.1.1k mod_wsgi/4.7.1 Python/3.9 PHP/8.3.23 mod_apreq2-20101207/2.8.1 mod_perl/2.0.12 Perl/v5.26.3 (internal dummy connection)"
185.12.59.118 - - [18/May/2026:16:00:41 +0900] "GET / HTTP/1.0" 400 432 "-" "-"
::1 - - [18/May/2026:16:01:26 +0900] "OPTIONS * HTTP/1.0" 200 - "-" "Apache/2.4.37 (Rocky Linux) OpenSSL/1.1.1k mod_wsgi/4.7.1 Python/3.9 PHP/8.3.23 mod_apreq2-20101207/2.8.1 mod_perl/2.0.12 Perl/v5.26.3 (internal dummy connection)"
13.89.125.226 - - [18/May/2026:16:02:47 +0900] "GET /hudson HTTP/1.1" 404 260 "-" "Mozilla/5.0 zgrab/0.x"
194.55.228.66 - - [18/May/2026:16:04:41 +0900] "GET /wp-content/uploads/2015/03/jibunnogijyutsu_stit_tech.jpg HTTP/1.1" 404 262 "-" "Mozilla/5.0 (compatible; crawler)"
::1 - - [18/May/2026:16:10:36 +0900] "OPTIONS * HTTP/1.0" 200 - "-" "Apache/2.4.37 (Rocky Linux) OpenSSL/1.1.1k mod_wsgi/4.7.1 Python/3.9 PHP/8.3.23 mod_apreq2-20101207/2.8.1 mod_perl/2.0.12 Perl/v5.26.3 (internal dummy connection)"
64.62.156.80 - - [18/May/2026:16:15:25 +0900] "GET / HTTP/1.1" 200 1472 "-" "Mozilla/5.0 (Windows NT 10.0; Win64; x64) AppleWebKit/537.36 (KHTML, like Gecko) Chrome/139.0.0.0 Safari/537.36 Edg/139.0.0.0"
162.43.27.69 - - [18/May/2026:16:15:49 +0900] "HEAD / HTTP/1.1" 200 - "-" "Mozilla/5.0 (Windows NT 10.0; Win64; x64) AppleWebKit/537.36 (KHTML, like Gecko) Chrome/90.0.4430.212 Safari/537.36"
64.62.156.88 - - [18/May/2026:16:17:55 +0900] "GET /favicon.ico HTTP/1.1" 404 260 "-" "Mozilla/5.0 (X11; Linux x86_64; rv:139.0) Gecko/20100101 Firefox/139.0"
64.62.156.80 - - [18/May/2026:16:19:02 +0900] "GET /geoserver/web/ HTTP/1.1" 404 260 "-" "Mozilla/5.0 (Windows NT 10.0; Win64; x64) AppleWebKit/537.36 (KHTML, like Gecko) Chrome/139.0.0.0 Safari/537.36 Edg/139.0.0.0"
35.187.134.193 - - [18/May/2026:16:21:45 +0900] "GET / HTTP/1.1" 200 1472 "-" "Mozilla/5.0 (compatible; Google-Apps-Script; beanserver; +https://script.google.com; id: UAEmdDd-5punQHAJz2EGxojSKK0eFllpJbQI)"
45.205.1.80 - - [18/May/2026:16:22:10 +0900] "GET / HTTP/1.1" 200 1472 "-" "Mozilla/5.0"
45.205.1.80 - - [18/May/2026:16:22:11 +0900] "PROPFIND / HTTP/1.1" 405 290 "http://122.17.174.126:443/" "-"
64.62.156.202 - - [18/May/2026:16:24:13 +0900] "GET / HTTP/1.1" 200 1472 "-" "Mozilla/5.0 (Windows NT 10.0; Win64; x64) AppleWebKit/537.36 (KHTML, like Gecko) Chrome/110.0.0.0 Safari/537.36 Edg/110.0.1587.57"
58.156.154.66 - - [18/May/2026:16:24:36 +0900] "GET /%e4%bc%9a%e7%a4%be%e6%83%85%e5%a0%b1/%e4%bc%9a%e7%a4%be%e6%a6%82%e8%a6%81/ HTTP/1.1" 404 262 "-" "Mozilla/5.0 (Windows NT 10.0; Win64; x64) AppleWebKit/537.36 (KHTML, like Gecko) Chrome/148.0.0.0 Safari/537.36"
58.156.154.66 - - [18/May/2026:16:24:36 +0900] "GET /favicon.ico HTTP/1.1" 404 262 "https://cosmo1991.co.jp/%e4%bc%9a%e7%a4%be%e6%83%85%e5%a0%b1/%e4%bc%9a%e7%a4%be%e6%a6%82%e8%a6%81/" "Mozilla/5.0 (Windows NT 10.0; Win64; x64) AppleWebKit/537.36 (KHTML, like Gecko) Chrome/148.0.0.0 Safari/537.36"
58.156.154.66 - - [18/May/2026:16:24:56 +0900] "-" 408 - "-" "-"
::1 - - [18/May/2026:16:25:33 +0900] "OPTIONS * HTTP/1.0" 200 - "-" "Apache/2.4.37 (Rocky Linux) OpenSSL/1.1.1k mod_wsgi/4.7.1 Python/3.9 PHP/8.3.23 mod_apreq2-20101207/2.8.1 mod_perl/2.0.12 Perl/v5.26.3 (internal dummy connection)"
::1 - - [18/May/2026:16:25:34 +0900] "OPTIONS * HTTP/1.0" 200 - "-" "Apache/2.4.37 (Rocky Linux) OpenSSL/1.1.1k mod_wsgi/4.7.1 Python/3.9 PHP/8.3.23 mod_apreq2-20101207/2.8.1 mod_perl/2.0.12 Perl/v5.26.3 (internal dummy connection)"
::1 - - [18/May/2026:16:25:35 +0900] "OPTIONS * HTTP/1.0" 200 - "-" "Apache/2.4.37 (Rocky Linux) OpenSSL/1.1.1k mod_wsgi/4.7.1 Python/3.9 PHP/8.3.23 mod_apreq2-20101207/2.8.1 mod_perl/2.0.12 Perl/v5.26.3 (internal dummy connection)"
::1 - - [18/May/2026:16:25:36 +0900] "OPTIONS * HTTP/1.0" 200 - "-" "Apache/2.4.37 (Rocky Linux) OpenSSL/1.1.1k mod_wsgi/4.7.1 Python/3.9 PHP/8.3.23 mod_apreq2-20101207/2.8.1 mod_perl/2.0.12 Perl/v5.26.3 (internal dummy connection)"
::1 - - [18/May/2026:16:25:37 +0900] "OPTIONS * HTTP/1.0" 200 - "-" "Apache/2.4.37 (Rocky Linux) OpenSSL/1.1.1k mod_wsgi/4.7.1 Python/3.9 PHP/8.3.23 mod_apreq2-20101207/2.8.1 mod_perl/2.0.12 Perl/v5.26.3 (internal dummy connection)"
::1 - - [18/May/2026:16:25:46 +0900] "OPTIONS * HTTP/1.0" 200 - "-" "Apache/2.4.37 (Rocky Linux) OpenSSL/1.1.1k mod_wsgi/4.7.1 Python/3.9 PHP/8.3.23 mod_apreq2-20101207/2.8.1 mod_perl/2.0.12 Perl/v5.26.3 (internal dummy connection)"
172.236.228.39 - - [18/May/2026:16:26:26 +0900] "GET / HTTP/1.1" 200 1472 "-" "Mozilla/5.0 (Macintosh; Intel Mac OS X 13_1) AppleWebKit/537.36 (KHTML, like Gecko) Chrome/108.0.0.0 Safari/537.36"
::1 - - [18/May/2026:16:29:05 +0900] "OPTIONS * HTTP/1.0" 200 - "-" "Apache/2.4.37 (Rocky Linux) OpenSSL/1.1.1k mod_wsgi/4.7.1 Python/3.9 PHP/8.3.23 mod_apreq2-20101207/2.8.1 mod_perl/2.0.12 Perl/v5.26.3 (internal dummy connection)"
::1 - - [18/May/2026:16:29:08 +0900] "OPTIONS * HTTP/1.0" 200 - "-" "Apache/2.4.37 (Rocky Linux) OpenSSL/1.1.1k mod_wsgi/4.7.1 Python/3.9 PHP/8.3.23 mod_apreq2-20101207/2.8.1 mod_perl/2.0.12 Perl/v5.26.3 (internal dummy connection)"
45.148.10.67 - - [18/May/2026:16:29:37 +0900] "GET / HTTP/1.1" 200 1472 "-" "Mozilla/5.0 (Windows NT 10.0; Win64; x64) AppleWebKit/537.36 (KHTML, like Gecko) Chrome/131.0.0.0 Safari/537.36"
::1 - - [18/May/2026:16:34:29 +0900] "OPTIONS * HTTP/1.0" 200 - "-" "Apache/2.4.37 (Rocky Linux) OpenSSL/1.1.1k mod_wsgi/4.7.1 Python/3.9 PHP/8.3.23 mod_apreq2-20101207/2.8.1 mod_perl/2.0.12 Perl/v5.26.3 (internal dummy connection)"
93.174.93.12 - - [18/May/2026:16:35:14 +0900] "\x16\x03\x02\x01o\x01" 400 295 "-" "-"
::1 - - [18/May/2026:16:35:33 +0900] "OPTIONS * HTTP/1.0" 200 - "-" "Apache/2.4.37 (Rocky Linux) OpenSSL/1.1.1k mod_wsgi/4.7.1 Python/3.9 PHP/8.3.23 mod_apreq2-20101207/2.8.1 mod_perl/2.0.12 Perl/v5.26.3 (internal dummy connection)"
::1 - - [18/May/2026:16:35:48 +0900] "OPTIONS * HTTP/1.0" 200 - "-" "Apache/2.4.37 (Rocky Linux) OpenSSL/1.1.1k mod_wsgi/4.7.1 Python/3.9 PHP/8.3.23 mod_apreq2-20101207/2.8.1 mod_perl/2.0.12 Perl/v5.26.3 (internal dummy connection)"
64.62.156.209 - - [18/May/2026:16:37:10 +0900] "GET /favicon.ico HTTP/1.1" 404 261 "-" "Mozilla/5.0 (Windows NT 10.0; Win64; x64) AppleWebKit/537.36 (KHTML, like Gecko) Chrome/110.0.0.0 Safari/537.36 Edg/110.0.1587.50"
::1 - - [18/May/2026:16:37:44 +0900] "OPTIONS * HTTP/1.0" 200 - "-" "Apache/2.4.37 (Rocky Linux) OpenSSL/1.1.1k mod_wsgi/4.7.1 Python/3.9 PHP/8.3.23 mod_apreq2-20101207/2.8.1 mod_perl/2.0.12 Perl/v5.26.3 (internal dummy connection)"
114.156.3.188 - - [18/May/2026:16:38:18 +0900] "GET / HTTP/1.0" 200 1472 "-" "Mozilla/5.0 (Windows NT 10.0; WOW64; rv:54.0) Gecko/20100101 Firefox/54.0"
64.62.156.202 - - [18/May/2026:16:48:26 +0900] "GET /geoserver/web/ HTTP/1.1" 404 261 "-" "Mozilla/5.0 (Windows NT 10.0.0; Win64; x64; ) AppleWebKit/537.36 (KHTML, like Gecko) Chrome/124.0.6367.63 Chrome/124.0.6367.63 Not-A.Brand/99 Safari/537.36"
45.188.123.45 - - [18/May/2026:16:49:44 +0900] "GET /robots.txt HTTP/1.1" 404 261 "-" "Mozilla/5.0 (compatible; FreePBX-Scanner/1.0)"
45.188.123.45 - - [18/May/2026:16:49:45 +0900] "GET / HTTP/1.0" 400 432 "-" "-"
64.62.156.202 - - [18/May/2026:16:53:04 +0900] "GET /.git/config HTTP/1.1" 404 261 "-" "Mozilla/5.0 (Windows NT 10.0; Win64; x64) AppleWebKit/537.36 (KHTML, like Gecko) Chrome/125.0.0.0 Safari/537.36 Edg/125.0.0.0"
46.151.178.13 - - [18/May/2026:16:58:43 +0900] "PROPFIND / HTTP/1.1" 405 290 "http://122.17.174.126:443/" "-"
156.238.12.190 - - [18/May/2026:17:05:17 +0900] "GET /wp-content/uploads/2015/03/DSCN0008-300x225.jpg HTTP/1.1" 404 262 "-" "Mozilla/5.0 (compatible; crawler)"
94.247.172.129 - - [18/May/2026:17:05:29 +0900] "GET / HTTP/1.1" 200 1472 "-" "Mozilla/5.0 (Macintosh; Intel Mac OS X 10_9_2)"
185.213.174.141 - - [18/May/2026:17:07:19 +0900] "POST /cgi-bin/luci/ HTTP/1.1" 404 260 "http://122.17.174.126:80/" "Mozilla/5.0"
185.213.174.141 - - [18/May/2026:17:07:19 +0900] "\x16\x03\x01\x02" 400 295 "-" "-"
45.139.122.80 - - [18/May/2026:17:10:09 +0900] "GET /SDK/webLanguage HTTP/1.1" 404 261 "-" "Mozilla/5.0 (Windows NT 10.0; Win64; x64) AppleWebKit/537.36 (KHTML, like Gecko) Chrome/90.0.4430.85 Safari/537.36 Edg/90.0.818.46"
167.253.157.114 - - [18/May/2026:17:16:54 +0900] "GET /wp-content/plugins/sourceafrica/readme.txt HTTP/1.1" 404 266 "-" "Mozilla/5.0 (Macintosh; Intel Mac OS X 10_15_7) AppleWebKit/537.36 (KHTML, like Gecko) Chrome/108.0.0.0 Safari/537.36"
43.156.71.177 - - [18/May/2026:17:17:35 +0900] "GET / HTTP/1.1" 200 1472 "-" "Mozilla/5.0 (iPhone; CPU iPhone OS 13_2_3 like Mac OS X) AppleWebKit/605.1.15 (KHTML, like Gecko) Version/13.0.3 Mobile/15E148 Safari/604.1"
::1 - - [18/May/2026:17:22:00 +0900] "OPTIONS * HTTP/1.0" 200 - "-" "Apache/2.4.37 (Rocky Linux) OpenSSL/1.1.1k mod_wsgi/4.7.1 Python/3.9 PHP/8.3.23 mod_apreq2-20101207/2.8.1 mod_perl/2.0.12 Perl/v5.26.3 (internal dummy connection)"
5.61.209.126 - - [18/May/2026:17:22:29 +0900] "GET /SDK/webLanguage HTTP/1.1" 404 260 "-" "Mozilla/5.0 (Windows NT 10.0; Win64; x64) AppleWebKit/537.36 (KHTML, like Gecko) Chrome/90.0.4430.85 Safari/537.36 Edg/90.0.818.46"
::1 - - [18/May/2026:17:30:57 +0900] "OPTIONS * HTTP/1.0" 200 - "-" "Apache/2.4.37 (Rocky Linux) OpenSSL/1.1.1k mod_wsgi/4.7.1 Python/3.9 PHP/8.3.23 mod_apreq2-20101207/2.8.1 mod_perl/2.0.12 Perl/v5.26.3 (internal dummy connection)"
::1 - - [18/May/2026:17:31:48 +0900] "OPTIONS * HTTP/1.0" 200 - "-" "Apache/2.4.37 (Rocky Linux) OpenSSL/1.1.1k mod_wsgi/4.7.1 Python/3.9 PHP/8.3.23 mod_apreq2-20101207/2.8.1 mod_perl/2.0.12 Perl/v5.26.3 (internal dummy connection)"
::1 - - [18/May/2026:17:31:49 +0900] "OPTIONS * HTTP/1.0" 200 - "-" "Apache/2.4.37 (Rocky Linux) OpenSSL/1.1.1k mod_wsgi/4.7.1 Python/3.9 PHP/8.3.23 mod_apreq2-20101207/2.8.1 mod_perl/2.0.12 Perl/v5.26.3 (internal dummy connection)"
::1 - - [18/May/2026:17:31:52 +0900] "OPTIONS * HTTP/1.0" 200 - "-" "Apache/2.4.37 (Rocky Linux) OpenSSL/1.1.1k mod_wsgi/4.7.1 Python/3.9 PHP/8.3.23 mod_apreq2-20101207/2.8.1 mod_perl/2.0.12 Perl/v5.26.3 (internal dummy connection)"
::1 - - [18/May/2026:17:32:05 +0900] "OPTIONS * HTTP/1.0" 200 - "-" "Apache/2.4.37 (Rocky Linux) OpenSSL/1.1.1k mod_wsgi/4.7.1 Python/3.9 PHP/8.3.23 mod_apreq2-20101207/2.8.1 mod_perl/2.0.12 Perl/v5.26.3 (internal dummy connection)"
64.62.156.162 - - [18/May/2026:17:32:07 +0900] "\x16\x03\x01" 400 295 "-" "-"
::1 - - [18/May/2026:17:32:23 +0900] "OPTIONS * HTTP/1.0" 200 - "-" "Apache/2.4.37 (Rocky Linux) OpenSSL/1.1.1k mod_wsgi/4.7.1 Python/3.9 PHP/8.3.23 mod_apreq2-20101207/2.8.1 mod_perl/2.0.12 Perl/v5.26.3 (internal dummy connection)"
::1 - - [18/May/2026:17:34:32 +0900] "OPTIONS * HTTP/1.0" 200 - "-" "Apache/2.4.37 (Rocky Linux) OpenSSL/1.1.1k mod_wsgi/4.7.1 Python/3.9 PHP/8.3.23 mod_apreq2-20101207/2.8.1 mod_perl/2.0.12 Perl/v5.26.3 (internal dummy connection)"
::1 - - [18/May/2026:17:34:40 +0900] "OPTIONS * HTTP/1.0" 200 - "-" "Apache/2.4.37 (Rocky Linux) OpenSSL/1.1.1k mod_wsgi/4.7.1 Python/3.9 PHP/8.3.23 mod_apreq2-20101207/2.8.1 mod_perl/2.0.12 Perl/v5.26.3 (internal dummy connection)"
34.95.232.21 - - [18/May/2026:17:37:53 +0900] "OPTIONS / HTTP/1.0" 200 - "-" "-"
93.174.93.12 - - [18/May/2026:17:44:02 +0900] "GET / HTTP/1.0" 200 1472 "-" "Mozilla/5.0 (Windows NT 6.1; Win64; x64; rv:2.0.1) Gecko/20100101 Firefox/4.0.1"
185.189.182.234 - - [18/May/2026:17:48:43 +0900] "GET / HTTP/1.0" 400 432 "-" "-"
45.205.1.80 - - [18/May/2026:17:56:09 +0900] "GET / HTTP/1.1" 200 1472 "http://122.17.174.126:80/cgi-bin/index2.asp" "Mozilla/5.0"
77.83.39.159 - - [18/May/2026:17:59:57 +0900] "GET /.git/config HTTP/1.1" 404 261 "-" "Mozilla/5.0 (Linux; U; Android 2.2; en-us; ADR6300 Build/FRF91) AppleWebKit/533.1 (KHTML, like Gecko) Version/4.0 Mobile Safari/533.1"
77.83.39.159 - - [18/May/2026:18:00:19 +0900] "GET /.git/config HTTP/1.1" 404 261 "-" "Mozilla/5.0 (Windows; U; Windows NT 6.0; en-US) AppleWebKit/534.14 (KHTML, like Gecko) Chrome/9.0.601.0 Safari/534.14"
185.242.226.113 - - [18/May/2026:18:03:54 +0900] "GET / HTTP/1.1" 200 1472 "-" "Mozilla/5.0 (Windows NT 10.0; Win64; x64) AppleWebKit/537.36 (KHTML, like Gecko) Chrome/88.0.4324.190 Safari/537.36"
::1 - - [18/May/2026:18:06:49 +0900] "OPTIONS * HTTP/1.0" 200 - "-" "Apache/2.4.37 (Rocky Linux) OpenSSL/1.1.1k mod_wsgi/4.7.1 Python/3.9 PHP/8.3.23 mod_apreq2-20101207/2.8.1 mod_perl/2.0.12 Perl/v5.26.3 (internal dummy connection)"
43.157.38.131 - - [18/May/2026:18:08:40 +0900] "GET / HTTP/1.1" 200 1472 "-" "Mozilla/5.0 (iPhone; CPU iPhone OS 13_2_3 like Mac OS X) AppleWebKit/605.1.15 (KHTML, like Gecko) Version/13.0.3 Mobile/15E148 Safari/604.1"
59.17.144.87 - - [18/May/2026:18:17:58 +0900] "GET / HTTP/1.0" 200 1472 "-" "-"
::1 - - [18/May/2026:18:25:47 +0900] "OPTIONS * HTTP/1.0" 200 - "-" "Apache/2.4.37 (Rocky Linux) OpenSSL/1.1.1k mod_wsgi/4.7.1 Python/3.9 PHP/8.3.23 mod_apreq2-20101207/2.8.1 mod_perl/2.0.12 Perl/v5.26.3 (internal dummy connection)"
::1 - - [18/May/2026:18:25:48 +0900] "OPTIONS * HTTP/1.0" 200 - "-" "Apache/2.4.37 (Rocky Linux) OpenSSL/1.1.1k mod_wsgi/4.7.1 Python/3.9 PHP/8.3.23 mod_apreq2-20101207/2.8.1 mod_perl/2.0.12 Perl/v5.26.3 (internal dummy connection)"
::1 - - [18/May/2026:18:25:49 +0900] "OPTIONS * HTTP/1.0" 200 - "-" "Apache/2.4.37 (Rocky Linux) OpenSSL/1.1.1k mod_wsgi/4.7.1 Python/3.9 PHP/8.3.23 mod_apreq2-20101207/2.8.1 mod_perl/2.0.12 Perl/v5.26.3 (internal dummy connection)"
